 the highest common factor of 4520 and 56120?
40
What is the greatest common divisor of 3872 and 1476992?
352
What is the highest common divisor of 199425 and 135?
15
Calculate the highest common divisor of 15 and 5345.
5
What is the greatest common divisor of 361956 and 124?
124
What is the greatest common divisor of 136 and 1854088?
136
What is the greatest common divisor of 23226 and 392?
98
Calculate the highest common factor of 501946 and 678.
226
What is the greatest common factor of 32230 and 550?
110
Calculate the greatest common divisor of 6 and 2538978.
6
What is the highest common divisor of 2968 and 5141?
53
What is the highest common factor of 546 and 1778?
14
What is the greatest common factor of 33943 and 7644?
91
Calculate the greatest common factor of 654 and 1308.
654
What is the highest common divisor of 572 and 22828?
52
Calculate the highest common factor of 717 and 147941.
239
Calculate the highest common factor of 55 and 231737.
11
Calculate the highest common divisor of 73092 and 12.
12
What is the greatest common divisor of 1003 and 13334?
59
Calculate the highest common factor of 36516 and 21.
3
Calculate the greatest common divisor of 9735 and 10065.
165
Calculate the greatest common divisor of 1258 and 37444.
74
What is the greatest common factor of 253 and 1528879?
253
What is the highest common divisor of 5193 and 108?
9
Calculate the highest common factor of 12 and 9117.
3
What is the greatest common factor of 52 and 99697?
13
What is the highest common divisor of 47070 and 14130?
90
Calculate the highest common factor of 40 and 42300.
20
What is the greatest common divisor of 42 and 4803960?
42
What is the highest common divisor of 58 and 248675?
29
What is the greatest common divisor of 104949 and 34047?
351
Calculate the greatest common factor of 29522 and 9162.
1018
What is the highest common factor of 674629 and 157?
157
What is the highest common factor of 23037 and 63?
21
Calculate the greatest common factor of 740 and 300.
20
What is the highest common divisor of 2704 and 264?
8
What is the highest common divisor of 22024 and 64?
8
What is the highest common divisor of 11200 and 6560?
160
What is the greatest common factor of 3810 and 37846?
254
Calculate the greatest common divisor of 11 and 20981.
1
Calculate the greatest common factor of 96 and 54096.
48
What is the greatest common factor of 910 and 27640?
10
What is the highest common divisor of 7462 and 31668?
182
What is the highest common factor of 9 and 986301?
9
Calculate the highest common divisor of 81 and 3908493.
81
What is the highest common factor of 359 and 47029?
359
Calculate the greatest common divisor of 832 and 15200.
32
What is the greatest common factor of 1519 and 40672?
31
What is the highest common divisor of 954739 and 1169?
167
Calculate the greatest common factor of 10611 and 3483.
81
What is the greatest common factor of 6507 and 6912?
27
What is the highest common divisor of 1265 and 29555?
115
What is the greatest common divisor of 1508768 and 32?
32
Calculate the highest common factor of 2324 and 166996.
332
Calculate the greatest common divisor of 42 and 1317554.
14
Calculate the highest common factor of 6848 and 694216.
856
Calculate the highest common factor of 114 and 327168.
6
What is the highest common factor of 12621 and 252?
21
What is the greatest common factor of 134656 and 4471?
263
What is the greatest common factor of 1815 and 18795?
15
Calculate the greatest common factor of 2855219 and 317.
317
Calculate the greatest common factor of 2532 and 1224222.
1266
Calculate the highest common divisor of 1124 and 23490476.
1124
What is the greatest common factor of 39038 and 4192?
262
Calculate the highest common divisor of 87730 and 1736.
62
Calculate the highest common factor of 2052 and 23484.
228
Calculate the greatest common factor of 2189 and 67063.
199
What is the highest common divisor of 97 and 1268081?
97
Calculate the greatest common factor of 135 and 11691.
27
Calculate the highest common divisor of 274037 and 38.
19
What is the greatest common divisor of 2 and 1017?
1
Calculate the highest common divisor of 64979 and 2353.
181
What is the greatest common divisor of 360 and 39348?
36
Calculate the greatest common factor of 126 and 43918.
14
Calculate the greatest common factor of 10908 and 99.
9
Calculate the highest common divisor of 3887 and 2704.
169
Calculate the greatest common factor of 225 and 34407.
9
Calculate the greatest common factor of 961 and 1023.
31
What is the highest common divisor of 12 and 7506?
6
Calculate the greatest common factor of 220 and 209.
11
Calculate the greatest common factor of 410 and 938490.
410
What is the highest common factor of 26 and 686582?
26
Calculate the greatest common factor of 192 and 1062.
6
What is the greatest common factor of 123300 and 9?
9
What is the greatest common divisor of 9 and 2560446?
9
Calculate the highest common divisor of 75 and 7410.
15
Calculate the highest common factor of 24 and 37116.
12
What is the greatest common factor of 19331 and 91?
13
What is the greatest common factor of 22 and 561?
11
Calculate the greatest common divisor of 2535 and 160.
5
Calculate the highest common factor of 5632850 and 150.
50
Calculate the highest common factor of 77 and 99011.
11
What is the highest common divisor of 213 and 996272?
71
Calculate the highest common divisor of 5350 and 95444.
214
Calculate the highest common divisor of 6092548 and 616.
308
What is the highest common factor of 128919 and 147?
147
What is the greatest common factor of 636840 and 915?
915
Calculate the highest common factor of 87312 and 6630.
102
What is the greatest common divisor of 1769 and 103153?
29
What is the greatest common factor of 10 and 45520?
10
Calculate the greatest common divisor of 15089 and 955.
191
Calculate the highest common divisor of 26 and 10426.
26
What is the greatest common divisor of 6058885 and 238?
119
Calculate the greatest common divisor of 19 and 1329297.
19
Calculate the highest common factor of 1005 and 3225.
15
What is the highest common divisor of 2200 and 11085800?
2200
Calculate the highest common divisor of 238 and 546322.
14
What is the highest common factor of 220682 and 1386?
154
What is the greatest common divisor of 4 and 6044?
4
Calculate the greatest common divisor of 5775 and 924.
231
Calculate the greatest common factor of 3124 and 1958.
22
What is the highest common divisor of 193401 and 48?
3
Calculate the greatest common divisor of 17225 and 87503.
689
What is the greatest common factor of 9971 and 39176?
59
Calculate the greatest common divisor of 172120 and 13.
13
Calculate the greatest common divisor of 6490 and 92630.
590
Calculate the highest common factor of 827421 and 369.
123
Calculate the highest common factor of 6425 and 157798.
257
What is the greatest common factor of 399200 and 4000?
800
What is the greatest common factor of 14520 and 1540?
220
What is the highest common divisor of 285 and 14175?
15
What is the greatest common divisor of 10619 and 5180?
259
What is the highest common factor of 1113 and 922677?
1113
Calculate the highest common divisor of 88 and 24398.
22
What is the highest common factor of 368 and 32260?
4
What is the greatest common divisor of 126 and 25746?
42
What is the greatest common factor of 39 and 60073?
13
Calculate the highest common divisor of 1518 and 40656.
66
Calculate the greatest common divisor of 22268 and 1.
1
Calculate the greatest common divisor of 2 and 30834.
2
Calculate the highest common factor of 113239 and 49.
49
What is the highest common divisor of 132 and 4440348?
132
Calculate the greatest common divisor of 7080708 and 12.
12
Calculate the greatest common divisor of 8520 and 151080.
120
What is the highest common factor of 56321 and 51?
17
Calculate the highest common divisor of 42 and 3214743.
21
What is the greatest common factor of 4529 and 707?
7
What is the greatest common divisor of 11256 and 408?
24
Calculate the greatest common factor of 227844 and 396.
36
Calculate the highest common factor of 1813 and 2997.
37
Calculate the greatest common factor of 3737520 and 696.
696
What is the greatest common divisor of 202 and 53530?
202
Calculate the greates